r when 6382 is divided by 304.
302
What is the remainder when 407 is divided by 32?
23
What is the remainder when 97 is divided by 25?
22
What is the remainder when 351 is divided by 88?
87
What is the remainder when 8385 is divided by 6?
3
Calculate the remainder when 474 is divided by 148.
30
Calculate the remainder when 2190 is divided by 43.
40
What is the remainder when 61 is divided by 37?
24
Calculate the remainder when 317 is divided by 20.
17
Calculate the remainder when 685 is divided by 16.
13
Calculate the remainder when 258 is divided by 24.
18
Calculate the remainder when 36 is divided by 22.
14
Calculate the remainder when 155 is divided by 26.
25
Calculate the remainder when 153 is divided by 31.
29
What is the remainder when 571 is divided by 82?
79
Calculate the remainder when 758 is divided by 109.
104
Calculate the remainder when 439 is divided by 108.
7
Calculate the remainder when 391 is divided by 36.
31
Calculate the remainder when 471 is divided by 59.
58
Calculate the remainder when 23 is divided by 15.
8
What is the remainder when 42001 is divided by 117?
115
What is the remainder when 768 is divided by 10?
8
Calculate the remainder when 2891 is divided by 48.
11
What is the remainder when 36 is divided by 11?
3
Calculate the remainder when 163 is divided by 75.
13
What is the remainder when 355 is divided by 117?
4
What is the remainder when 552 is divided by 93?
87
Calculate the remainder when 1115 is divided by 31.
30
What is the remainder when 3186 is divided by 22?
18
Calculate the remainder when 67 is divided by 25.
17
What is the remainder when 1444 is divided by 4?
0
What is the remainder when 980 is divided by 161?
14
What is the remainder when 432 is divided by 36?
0
What is the remainder when 2955 is divided by 17?
14
Calculate the remainder when 254 is divided by 83.
5
What is the remainder when 1943 is divided by 72?
71
What is the remainder when 5471 is divided by 228?
227
Calculate the remainder when 3474 is divided by 25.
24
What is the remainder when 2103 is divided by 39?
36
What is the remainder when 426 is divided by 204?
18
What is the remainder when 1009 is divided by 169?
164
Calculate the remainder when 791 is divided by 8.
7
What is the remainder when 152 is divided by 35?
12
Calculate the remainder when 759 is divided by 64.
55
Calculate the remainder when 580 is divided by 53.
50
What is the remainder when 181 is divided by 7?
6
What is the remainder when 19121 is divided by 6?
5
Calculate the remainder when 1781 is divided by 39.
26
Calculate the remainder when 55 is divided by 5.
0
What is the remainder when 3960 is divided by 35?
5
Calculate the remainder when 109 is divided by 18.
1
What is the remainder when 4648 is divided by 25?
23
Calculate the remainder when 256 is divided by 3.
1
What is the remainder when 390 is divided by 32?
6
What is the remainder when 316 is divided by 194?
122
What is the remainder when 4907 is divided by 6?
5
Calculate the remainder when 27 is divided by 26.
1
Calculate the remainder when 10583 is divided by 42.
41
What is the remainder when 116 is divided by 40?
36
Calculate the remainder when 78 is divided by 14.
8
Calculate the remainder when 112 is divided by 20.
12
What is the remainder when 237 is divided by 88?
61
Calculate the remainder when 80 is divided by 19.
4
Calculate the remainder when 223 is divided by 60.
43
Calculate the remainder when 19863 is divided by 104.
103
Calculate the remainder when 1094 is divided by 121.
5
Calculate the remainder when 159 is divided by 10.
9
What is the remainder when 200 is divided by 79?
42
What is the remainder when 3015 is divided by 52?
51
What is the remainder when 1164 is divided by 408?
348
What is the remainder when 75 is divided by 66?
9
Calculate the remainder when 523 is divided by 75.
73
What is the remainder when 546 is divided by 56?
42
Calculate the remainder when 17950 is divided by 399.
394
What is the remainder when 647 is divided by 71?
8
What is the remainder when 67 is divided by 43?
24
What is the remainder when 162 is divided by 51?
9
Calculate the remainder when 583 is divided by 45.
43
What is the remainder when 83 is divided by 17?
15
Calculate the remainder when 147 is divided by 106.
41
Calculate the remainder when 418 is divided by 82.
8
What is the remainder when 10182 is divided by 268?
266
Calculate the remainder when 6068 is divided by 92.
88
What is the remainder when 224 is divided by 10?
4
What is the remainder when 372 is divided by 42?
36
Calculate the remainder when 11253 is divided by 8.
5
What is the remainder when 1597 is divided by 34?
33
Calculate the remainder when 259 is divided by 13.
12
Calculate the remainder when 371 is divided by 27.
20
Calculate the remainder when 971 is divided by 9.
8
What is the remainder when 567 is divided by 30?
27
Calculate the remainder when 47 is divided by 26.
21
Calculate the remainder when 184 is divided by 8.
0
Calculate the remainder when 179 is divided by 76.
27
What is the remainder when 692 is divided by 77?
76
Calculate the remainder when 1384 is divided by 21.
19
Calculate the remainder when 178 is divided by 23.
17
What is the remainder when 66 is divided by 48?
18
What is the remainder when 695 is divided by 175?
170
Calculate the remainder when 1956 is divided by 233.
92
Calculate the remainder when 12867 is divided by 78.
75
Calculate the remainder when 6 is divided by 1.
0
What is the remainder when 164 is divided by 163?
1
Calculate the remainder when 674 is divided by 25.
24
Calculate the remainder when 242 is divided by 6.
2
Calculate the remainder when 467 is divided by 34.
25
Calculate the remainder when 971 is divided by 61.
56
Calculate the remainder when 22468 is divided by 3.
1
What is the remainder when 710 is divided by 194?
128
Calculate the remainder when 7247 is divided by 25.
22
What is the remainder when 481 is divided by 21?
19
What is the remainder when 204 is divided by 23?
20
What is the remainder when 2463 is divided by 88?
87
Calculate the remainder when 86 is divided by 29.
28
Calculate the remainder when 417 is divided by 104.
1
Calculate the remainder when 278 is divided by 27.
8
What is the remainder when 685 is divided by 99?
91
Calculate the remainder when 1832 is divided by 54.
50
Calculate the remainder when 337 is divided by 73.
45
What is the remainder when 828 is divided by 83?
81
Calculate the remainder when 591 is divided by 33.
30
Calculate the remainder when 1652 is divided by 207.
203
What is the remainder when 60462 is divided by 87?
84
Calculate the remainder when 139 is divided by 71.
68
What is the remainder when 2122 is divided by 9?
7
Calculate the remainder when 14 is divided by 1.
0
What is the remainder when 974 is divided by 470?
34
What is the remainder when 865 is divided by 124?
121
Calculate the remainder when 29 is divided by 2.
1
Calculate the remainder when 5457 is divided by 20.
17
Calculate the remainder when 10 is divided by 10.
0
Calculate the remainder when 1534 is divided by 70.
64
Calculate the remainder when 330 is divided by 132.
66
Calculate the remainder when 62691 is divided by 258.
255
What is the remainder when 1467 is divided by 113?
111
Calculate the remainder when 236 is divided by 52.
28
What is the remainder when 13307 is divided by 261?
257
Calculate the remainder when 267 is divided by 70.
57
What is the remainder when 1531 is divided by 7?
5
Calculate the remainder when 433 is divided by 29.
27
Calculate the remainder when 197 is divided by 165.
32
What is the remainder when 216 is divided by 40?
16
What is the remainder when 71 is divided by 30?
11
What is the remainder when 1316 is divided by 429?
29
What is the remainder when 392 is divided by 21?
14
What is the remainder when 35 is divided by 22?
13
Calculate the remainder when 792 is divided by 67.
55
Calculate the remainder when 6827 is divided by 33.
29
What is the remainder when 545 is divided by 110?
105
What is the remainder when 920 is divided by 79?
51
Calculate the remainder when 415 is divided by 20.
15
What is the remainder when 9684 is divided by 65?
64
What is the remainder when 413 is divided by 13?
10
Calculate the remainder when 597 is divided by 30.
27
Calculate the r